{"id":37,"date":"2026-03-20T17:16:51","date_gmt":"2026-03-20T17:16:51","guid":{"rendered":"https:\/\/hungry-hoover.37-187-145-177.plesk.page\/?page_id=37"},"modified":"2026-04-30T14:10:44","modified_gmt":"2026-04-30T14:10:44","slug":"accueil","status":"publish","type":"page","link":"https:\/\/blog.pahoa-burger.fr\/","title":{"rendered":"Accueil"},"content":{"rendered":"\n<div class=\"pm-hero\" style=\"background-image:url('https:\/\/pahoa-burger.fr\/images\/hero-banner.jpg')\">\n  <div class=\"pm-hero__overlay\"><\/div>\n  <div class=\"pm-hero__content\">\n    <span class=\"pm-hero__kicker\">L&rsquo;art de vivre venu du Pacifique<\/span>\n    <h1 class=\"pm-hero__title\">PAHOA<i>MAG<\/i><\/h1>\n    <p class=\"pm-hero__sub\">Bien-\u00eatre \u00b7 Voyages \u00b7 Maison \u00b7 Mouvement \u00b7 Philosophie Aloha<\/p>\n    <a href=\"\/blog\/category\/bien-etre\/\" class=\"pm-hero__btn\">Explorer les articles<\/a>\n  <\/div>\n<\/div>\n\n\n<section class=\"pm-section\" style=\"background:var(--pm-bg)\">\n  <div class=\"pm-section__inner\">\n    <div class=\"pm-section-header\">\n      <span class=\"pm-section-header__kicker\">\u00c0 la une<\/span>\n      <h2 class=\"pm-section-header__title\">Dernier article publi\u00e9<\/h2>\n    <\/div>\n    <div class=\"pm-featured\">\n            <img decoding=\"async\" src=\"https:\/\/blog.pahoa-burger.fr\/wp-content\/uploads\/2026\/04\/Apprendre-quelques-mots-dans-la-langue-locale-pourquoi-ca-change-tout-1024x585.jpg\" alt=\"Apprendre quelques mots dans la langue locale : pourquoi \u00e7a change tout\" class=\"pm-featured__img\">\n            <div class=\"pm-featured__body\">\n        <span class=\"pm-featured__kicker\">Voyages &amp; \u00c9vasion<\/span>\n        <h3 class=\"pm-featured__title\">Apprendre quelques mots dans la langue locale : pourquoi \u00e7a change tout<\/h3>\n        <p class=\"pm-featured__excerpt\">Vous entrez dans une rue inconnue, saluez dans la langue du pays et la conversation change d\u2019allure\u2009: un sourire, un conseil, un geste partag\u00e9. Ce petit pari linguistique\u2026<\/p>\n        <a href=\"https:\/\/pahoa-burger.fr\/blog\/article\/apprendre-mots-locale\/\" class=\"pm-featured__link\">Lire l'article \u2192<\/a>\n      <\/div>\n    <\/div>\n  <\/div>\n<\/section>\n\n\n\n\n<section class=\"pm-section pm-section--alt\">\n  <div class=\"pm-section__inner\">\n    <div class=\"pm-section-header\">\n      <span class=\"pm-section-header__kicker\">Territoires<\/span>\n      <h2 class=\"pm-section-header__title\">Explorer par univers<\/h2>\n    <\/div>\n    <div class=\"pm-bento\">\n      <a href=\"\/blog\/category\/bien-etre\/\" class=\"pm-bento__main\" style=\"background-image:url('\/images\/categories\/cat-bien-etre.jpg')\">\n        <div class=\"pm-bento__overlay\"><\/div>\n        <div class=\"pm-bento__content\">\n          <span class=\"pm-bento__label\">Bien-\u00eatre<\/span>\n          <span class=\"pm-bento__desc\">M\u00e9ditation, rituels et \u00e9quilibre corps-esprit<\/span>\n        <\/div>\n      <\/a>\n      <div class=\"pm-bento__grid\">\n        <a href=\"\/blog\/category\/voyages\/\" class=\"pm-bento__item\" style=\"background-image:url('\/images\/categories\/cat-voyages.jpg')\">\n          <div class=\"pm-bento__overlay\"><\/div>\n          <div class=\"pm-bento__content\">\n            <span class=\"pm-bento__label\">Voyages<\/span>\n            <span class=\"pm-bento__desc\">Slow travel, destinations Pacifique<\/span>\n          <\/div>\n        <\/a>\n        <a href=\"\/blog\/category\/maison\/\" class=\"pm-bento__item\" style=\"background-image:url('\/images\/categories\/cat-maison.jpg')\">\n          <div class=\"pm-bento__overlay\"><\/div>\n          <div class=\"pm-bento__content\">\n            <span class=\"pm-bento__label\">Maison<\/span>\n            <span class=\"pm-bento__desc\">D\u00e9coration naturelle, indoor jungle<\/span>\n          <\/div>\n        <\/a>\n        <a href=\"\/blog\/category\/mouvement\/\" class=\"pm-bento__item\" style=\"background-image:url('\/images\/categories\/cat-mouvement.jpg')\">\n          <div class=\"pm-bento__overlay\"><\/div>\n          <div class=\"pm-bento__content\">\n            <span class=\"pm-bento__label\">Mouvement<\/span>\n            <span class=\"pm-bento__desc\">Yoga, surf, marche consciente<\/span>\n          <\/div>\n        <\/a>\n        <a href=\"\/blog\/category\/actualites\/\" class=\"pm-bento__item\" style=\"background-image:url('\/images\/categories\/cat-actualites.jpg')\">\n          <div class=\"pm-bento__overlay\"><\/div>\n          <div class=\"pm-bento__content\">\n            <span class=\"pm-bento__label\">Actualit\u00e9s<\/span>\n            <span class=\"pm-bento__desc\">L&rsquo;esprit Aloha en France et en Europe<\/span>\n          <\/div>\n        <\/a>\n      <\/div>\n    <\/div>\n  <\/div>\n<\/section>\n\n\n<section class=\"pm-section\">\n  <div class=\"pm-section__inner\">\n    <div class=\"pm-section-header\">\n      <span class=\"pm-section-header__kicker\">Inspiration<\/span>\n      <h2 class=\"pm-section-header__title\">Derniers articles<\/h2>\n    <\/div>\n    <div class=\"pm-grid\">\n          <article class=\"pm-card\">\n        <a href=\"https:\/\/pahoa-burger.fr\/blog\/article\/bagages-minimalistes-slow-travel\/\">\n          <div class=\"pm-card__img-wrap\">\n            <img decoding=\"async\" src=\"https:\/\/blog.pahoa-burger.fr\/wp-content\/uploads\/2026\/04\/Faire-ses-bagages-minimalistes-pour-2-semaines-de-slow-travel-768x439.jpg\" alt=\"\" class=\"pm-card__img\" loading=\"lazy\">          <\/div>\n          <div class=\"pm-card__body\">\n            <span class=\"pm-card__kicker\">Voyages &amp; \u00c9vasion<\/span>\n            <h3 class=\"pm-card__title\">Faire ses bagages minimalistes pour 2 semaines de slow travel<\/h3>\n            <p class=\"pm-card__excerpt\">La valise ouverte sur le lit, une tasse de th\u00e9 refroidit \u00e0 c\u00f4t\u00e9 \u2014 la sc\u00e8ne d&#039;un d\u00e9part\u2026<\/p>\n          <\/div>\n        <\/a>\n      <\/article>\n          <article class=\"pm-card\">\n        <a href=\"https:\/\/pahoa-burger.fr\/blog\/article\/voyage-bas-carbone\/\">\n          <div class=\"pm-card__img-wrap\">\n            <img decoding=\"async\" src=\"https:\/\/blog.pahoa-burger.fr\/wp-content\/uploads\/2026\/04\/Voyage-bas-carbone-compenser-reduire-choisir-768x439.jpg\" alt=\"\" class=\"pm-card__img\" loading=\"lazy\">          <\/div>\n          <div class=\"pm-card__body\">\n            <span class=\"pm-card__kicker\">Voyages &amp; \u00c9vasion<\/span>\n            <h3 class=\"pm-card__title\">Voyage bas carbone : compenser, r\u00e9duire, choisir<\/h3>\n            <p class=\"pm-card__excerpt\">Un matin de brume sur le quai, un sac \u00e0 dos bien choisi et la question qui revient\u2026<\/p>\n          <\/div>\n        <\/a>\n      <\/article>\n          <article class=\"pm-card\">\n        <a href=\"https:\/\/pahoa-burger.fr\/blog\/article\/destinations-pacifique-europe\/\">\n          <div class=\"pm-card__img-wrap\">\n            <img decoding=\"async\" src=\"https:\/\/blog.pahoa-burger.fr\/wp-content\/uploads\/2026\/04\/10-destinations-Pacifique-accessibles-depuis-lEurope-768x439.jpg\" alt=\"\" class=\"pm-card__img\" loading=\"lazy\">          <\/div>\n          <div class=\"pm-card__body\">\n            <span class=\"pm-card__kicker\">Voyages &amp; \u00c9vasion<\/span>\n            <h3 class=\"pm-card__title\">10 destinations Pacifique accessibles depuis l&#039;Europe<\/h3>\n            <p class=\"pm-card__excerpt\">Une valise l\u00e9g\u00e8re, un livre plein de cartes, et la conscience que le voyage commence avant l\u2019embarquement :\u2026<\/p>\n          <\/div>\n        <\/a>\n      <\/article>\n          <article class=\"pm-card\">\n        <a href=\"https:\/\/pahoa-burger.fr\/blog\/article\/lumiere-ambiance-tamisee\/\">\n          <div class=\"pm-card__img-wrap\">\n            <img decoding=\"async\" src=\"https:\/\/blog.pahoa-burger.fr\/wp-content\/uploads\/2026\/04\/Lumiere-douce-et-ambiance-tamisee-maitriser-leclairage-indirect-768x439.jpg\" alt=\"\" class=\"pm-card__img\" loading=\"lazy\">          <\/div>\n          <div class=\"pm-card__body\">\n            <span class=\"pm-card__kicker\">Maison &amp; D\u00e9coration<\/span>\n            <h3 class=\"pm-card__title\">Lumi\u00e8re douce et ambiance tamis\u00e9e : ma\u00eetriser l&#039;\u00e9clairage indirect<\/h3>\n            <p class=\"pm-card__excerpt\">En bref Choisir la lumi\u00e8re : privil\u00e9gier des LED 2700\u20133000K et un IRC &gt; 80 pour une lumi\u00e8re\u2026<\/p>\n          <\/div>\n        <\/a>\n      <\/article>\n          <article class=\"pm-card\">\n        <a href=\"https:\/\/pahoa-burger.fr\/blog\/article\/salle-bain-spa-essentiels\/\">\n          <div class=\"pm-card__img-wrap\">\n            <img decoding=\"async\" src=\"https:\/\/blog.pahoa-burger.fr\/wp-content\/uploads\/2026\/04\/Salle-de-bain-spa-a-la-maison-les-7-essentiels-dun-sanctuaire-768x439.jpg\" alt=\"\" class=\"pm-card__img\" loading=\"lazy\">          <\/div>\n          <div class=\"pm-card__body\">\n            <span class=\"pm-card__kicker\">Maison &amp; D\u00e9coration<\/span>\n            <h3 class=\"pm-card__title\">Salle de bain spa \u00e0 la maison : les 7 essentiels d&#039;un sanctuaire<\/h3>\n            <p class=\"pm-card__excerpt\">Un bain qui sent le bois chauff\u00e9, un diffuseur aromatique pos\u00e9 sur une \u00e9tag\u00e8re en rotin, la lumi\u00e8re\u2026<\/p>\n          <\/div>\n        <\/a>\n      <\/article>\n          <article class=\"pm-card\">\n        <a href=\"https:\/\/pahoa-burger.fr\/blog\/article\/matieres-naturelles-rotin\/\">\n          <div class=\"pm-card__img-wrap\">\n            <img decoding=\"async\" src=\"https:\/\/blog.pahoa-burger.fr\/wp-content\/uploads\/2026\/04\/Matieres-naturelles-rotin-lin-bambou-raphia-\u2014-le-guide-dachat-768x439.jpg\" alt=\"\" class=\"pm-card__img\" loading=\"lazy\">          <\/div>\n          <div class=\"pm-card__body\">\n            <span class=\"pm-card__kicker\">Maison &amp; D\u00e9coration<\/span>\n            <h3 class=\"pm-card__title\">Mati\u00e8res naturelles : rotin, lin, bambou, raphia \u2014 le guide d&#039;achat<\/h3>\n            <p class=\"pm-card__excerpt\">Une porte entrouverte sur un salon baign\u00e9 de lumi\u00e8re, des tiges de bambou pos\u00e9es contre le mur et\u2026<\/p>\n          <\/div>\n        <\/a>\n      <\/article>\n        <\/div>\n  <\/div>\n<\/section>\n\n","protected":false},"excerpt":{"rendered":"<p>L&rsquo;art de vivre venu du Pacifique PAHOAMAG Bien-\u00eatre \u00b7 Voyages \u00b7 Maison \u00b7 Mouvement \u00b7 Philosophie Aloha Explorer les articles Territoires Explorer par univers Bien-\u00eatre M\u00e9ditation, rituels et \u00e9quilibre corps-esprit Voyages Slow travel, destinations Pacifique Maison D\u00e9coration naturelle, indoor jungle Mouvement Yoga, surf, marche consciente Actualit\u00e9s L&rsquo;esprit Aloha en France et en Europe<\/p>\n","protected":false},"author":1,"featured_media":0,"parent":0,"menu_order":0,"comment_status":"closed","ping_status":"closed","template":"","meta":{"footnotes":""},"class_list":["post-37","page","type-page","status-publish"],"_links":{"self":[{"href":"https:\/\/blog.pahoa-burger.fr\/wp-json\/wp\/v2\/pages\/37","targetHints":{"allow":["GET"]}}],"collection":[{"href":"https:\/\/blog.pahoa-burger.fr\/wp-json\/wp\/v2\/pages"}],"about":[{"href":"https:\/\/blog.pahoa-burger.fr\/wp-json\/wp\/v2\/types\/page"}],"author":[{"embeddable":true,"href":"https:\/\/blog.pahoa-burger.fr\/wp-json\/wp\/v2\/users\/1"}],"replies":[{"embeddable":true,"href":"https:\/\/blog.pahoa-burger.fr\/wp-json\/wp\/v2\/comments?post=37"}],"version-history":[{"count":5,"href":"https:\/\/blog.pahoa-burger.fr\/wp-json\/wp\/v2\/pages\/37\/revisions"}],"predecessor-version":[{"id":159,"href":"https:\/\/blog.pahoa-burger.fr\/wp-json\/wp\/v2\/pages\/37\/revisions\/159"}],"wp:attachment":[{"href":"https:\/\/blog.pahoa-burger.fr\/wp-json\/wp\/v2\/media?parent=37"}],"curies":[{"name":"wp","href":"https:\/\/api.w.org\/{rel}","templated":true}]}}